{"id":51,"date":"2015-08-10T11:12:26","date_gmt":"2015-08-10T11:12:26","guid":{"rendered":"https:\/\/hcode.themezaa.com\/onepage-home-personal\/"},"modified":"2022-07-13T17:34:47","modified_gmt":"2022-07-13T17:34:47","slug":"onepage-home-personal","status":"publish","type":"page","link":"https:\/\/tierrabr-gustavotinoco.comproyvendomexico.com\/","title":{"rendered":"Gustavo Tinoco"},"content":{"rendered":"<section  id=\"slider\" class=\"full-screen no-padding scroll-to-down scrollToDownSection bg-image-srcset parallax-fix parallax1\" style=\"background-image: url(https:\/\/tierrabr-gustavotinoco.comproyvendomexico.com\/wp-content\/uploads\/2022\/06\/tierra-bienes-raices-slider.jpg);\" data-section-id=\"#nosotros\" data-bg-srcset=\"https:\/\/tierrabr-gustavotinoco.comproyvendomexico.com\/wp-content\/uploads\/2022\/06\/tierra-bienes-raices-slider.jpg 1920w, https:\/\/tierrabr-gustavotinoco.comproyvendomexico.com\/wp-content\/uploads\/2022\/06\/tierra-bienes-raices-slider-300x172.jpg 300w, https:\/\/tierrabr-gustavotinoco.comproyvendomexico.com\/wp-content\/uploads\/2022\/06\/tierra-bienes-raices-slider-1024x587.jpg 1024w, https:\/\/tierrabr-gustavotinoco.comproyvendomexico.com\/wp-content\/uploads\/2022\/06\/tierra-bienes-raices-slider-768x440.jpg 768w, https:\/\/tierrabr-gustavotinoco.comproyvendomexico.com\/wp-content\/uploads\/2022\/06\/tierra-bienes-raices-slider-1536x880.jpg 1536w, https:\/\/tierrabr-gustavotinoco.comproyvendomexico.com\/wp-content\/uploads\/2022\/06\/tierra-bienes-raices-slider-81x46.jpg 81w, https:\/\/tierrabr-gustavotinoco.comproyvendomexico.com\/wp-content\/uploads\/2022\/06\/tierra-bienes-raices-slider-600x344.jpg 600w\"><div class=\"selection-overlay\" style=\"opacity:0.8;background-color:#f4f5f6;\"><\/div><div class=\"container\"><div class=\"row\"><div class=\"wpb_column hcode-column-container full-screen vc_col-sm-12 col-xs-mobile-fullwidth\" data-front-class=\"full-screen col-xs-mobile-fullwidth\"><div class=\"vc-column-innner-wrapper\"><div class=\" full-screen\"><div class=\"slider-typography hcode-image-video-1\"><div class=\"slider-text-middle-main\"><div class=\"slider-text-middle slider-text-middle2 personal-name animated fadeIn\"><h1 class=\"margin-two\">TIERRA BIENES RAICES<\/h1><span class=\"cd-headline letters type text-uppercase\"><span class=\"cd-words-wrapper waiting\"><b class=\"is-visible main-font text-large font-weight-400 hcode-font-setting-69dbb79587ad5\">Whatsapp: 777 494 60 00<\/b><b class=\"main-font text-large font-weight-400 hcode-font-setting-69dbb79587ad5\">20 A\u00d1OS DE EXPERIENCIA<\/b><b class=\"main-font text-large font-weight-400 hcode-font-setting-69dbb79587ad5\">BIENES RAICES EN CUERNAVACA Y \u00c1REA CONURBADA<\/b><\/span><\/span><\/div><\/div><\/div><\/div><\/div><\/div><\/div><\/div><\/section><section id=\"nosotros\" class=\"no-padding-bottom\" style=\"border-bottom: 1px solid #e5e5e5;\"><div class=\"container\"><div class=\"row\"><div class=\"wpb_column hcode-column-container text-center margin-ten-bottom  vc_col-md-12 col-xs-mobile-fullwidth\" data-front-class=\"text-center margin-ten-bottom col-xs-mobile-fullwidth front-column-class\"><div class=\"vc-column-innner-wrapper\"><span class=\"title-number\" style = \"color: #cfcfcf;\">01<\/span><h3 class=\"section-title no-padding black-text\">Nosotros<\/h3><\/div><\/div><div class=\"wpb_column hcode-column-container text-center xs-margin-ten-bottom vc_col-sm-6 vc_col-md-6 col-xs-mobile-fullwidth\" data-front-class=\"text-center xs-margin-ten-bottom col-xs-mobile-fullwidth\"><div class=\"vc-column-innner-wrapper\"><img width=\"630\" height=\"638\" src=\"https:\/\/tierrabr-gustavotinoco.comproyvendomexico.com\/wp-content\/uploads\/2022\/07\/TIERRA-BIENES-RAICES-LOGOTIPO-2.png\" class=\"\" alt=\"\" loading=\"lazy\" srcset=\"https:\/\/tierrabr-gustavotinoco.comproyvendomexico.com\/wp-content\/uploads\/2022\/07\/TIERRA-BIENES-RAICES-LOGOTIPO-2.png 630w, https:\/\/tierrabr-gustavotinoco.comproyvendomexico.com\/wp-content\/uploads\/2022\/07\/TIERRA-BIENES-RAICES-LOGOTIPO-2-296x300.png 296w, https:\/\/tierrabr-gustavotinoco.comproyvendomexico.com\/wp-content\/uploads\/2022\/07\/TIERRA-BIENES-RAICES-LOGOTIPO-2-81x82.png 81w, https:\/\/tierrabr-gustavotinoco.comproyvendomexico.com\/wp-content\/uploads\/2022\/07\/TIERRA-BIENES-RAICES-LOGOTIPO-2-600x608.png 600w, https:\/\/tierrabr-gustavotinoco.comproyvendomexico.com\/wp-content\/uploads\/2022\/07\/TIERRA-BIENES-RAICES-LOGOTIPO-2-100x100.png 100w\" sizes=\"(max-width: 630px) 100vw, 630px\" \/><\/div><\/div><div class=\"wpb_column hcode-column-container sm-margin-ten-bottom vc_col-sm-6 vc_col-md-6 col-xs-mobile-fullwidth\" data-front-class=\"sm-margin-ten-bottom col-xs-mobile-fullwidth\"><div class=\"vc-column-innner-wrapper\"><h3 dir=\"auto\">Somos una inmobiliaria con m\u00e1s de 20 a\u00f1os en la comercializaci\u00f3n de Bienes Ra\u00edces en Cuernavaca y \u00e1rea conurbada.<\/h3>\n<div dir=\"auto\"><\/div>\n<ul class=\"list-line margin-ten text-med\">\n<li><span class=\"font-weight-600\">Nombre:<\/span> Gustavo Tinoco G\u00f3mez<\/li>\n<li><span class=\"font-weight-600\"><i class=\"fas fa-mail-bulk fa-lg\"><\/i>Correo: <\/span>tigogtg@gmail.com<\/li>\n<li><span class=\"font-weight-600\"><i class=\"fab fa-whatsapp fa-lg\"><\/i>Celular :<\/span><a href=\"https:\/\/wa.me\/527774946000\"> 777-494-60-00<\/a><\/li>\n<li><span class=\"font-weight-600\"><i class=\"fab fa-facebook fa-lg\"><\/i>Facebook: <\/span><a href=\"https:\/\/www.facebook.com\/tierrabienesraices\">Tierra BienesRaices<\/a><\/li>\n<li><span class=\"font-weight-600\"><i class=\"fas fa-map-marker fa-lg\"><\/i>Ubicaci\u00f3n: <\/span>Cuernavaca Morelos<\/li>\n<li><span class=\"font-weight-600\"><i class=\"fab fa-chrome fa-lg\"><\/i>Sitio web: <\/span><a href=\"https:\/\/www.inmobiliariatierra.com\/\">www.inmobiliariatierra.com<\/a><\/li>\n<\/ul>\n<a  href=\"https:\/\/www.inmobiliariatierra.com\/\" target=\"_self\"  class=\"inner-link button btn highlight-button-dark btn-medium\">CATALOGO PROPIEDADES<\/a><\/div><\/div><\/div><\/div><\/section><section id=\"servicios\" style=\"border-bottom: 1px solid #e5e5e5;\"><div class=\"container\"><div class=\"row\"><div class=\"wpb_column hcode-column-container text-center margin-ten-bottom  vc_col-md-12 col-xs-mobile-fullwidth\" data-front-class=\"text-center margin-ten-bottom col-xs-mobile-fullwidth front-column-class\"><div class=\"vc-column-innner-wrapper\"><span class=\"title-number\" style = \"color: #cfcfcf;\">02<\/span><h3 class=\"section-title no-padding black-text\">SERVICIOS<\/h3><\/div><\/div><div class=\"wpb_column hcode-column-container margin-bottom-80px sm-margin-ten-bottom vc_col-sm-6 vc_col-md-4 vc_col-xs-12\" data-front-class=\"margin-bottom-80px sm-margin-ten-bottom\"><div class=\"vc-column-innner-wrapper\"><div  class=\"col-md-12 no-padding\"><div class=\"col-md-3 col-sm-2 col-xs-2 no-padding\"><i class=\"fas fa-handshake medium-icon\" ><\/i><\/div><div class=\"col-md-9 col-sm-9 col-xs-9 no-padding text-left f-right\"><h5 class=\"hcode-featurebox-1 margin-five-bottom\">EXPERIENCIA<\/h5><p class=\"width-90\">22 a\u00f1os de experiencia<\/p>\n<\/div><\/div><\/div><\/div><div class=\"wpb_column hcode-column-container margin-bottom-80px sm-margin-ten-bottom vc_col-sm-6 vc_col-md-4 vc_col-xs-12\" data-front-class=\"margin-bottom-80px sm-margin-ten-bottom\"><div class=\"vc-column-innner-wrapper\"><div  class=\"col-md-12 no-padding\"><div class=\"col-md-3 col-sm-2 col-xs-2 no-padding\"><i class=\"fas fa-laptop-house medium-icon\" ><\/i><\/div><div class=\"col-md-9 col-sm-9 col-xs-9 no-padding text-left f-right\"><h5 class=\"hcode-featurebox-2 margin-five-bottom\">PROPIEDADES<\/h5><p class=\"width-90\">Amplia cartera de propiedades.<\/p>\n<\/div><\/div><\/div><\/div><div class=\"wpb_column hcode-column-container margin-bottom-80px sm-margin-ten-bottom vc_col-sm-6 vc_col-md-4 vc_col-xs-12\" data-front-class=\"margin-bottom-80px sm-margin-ten-bottom\"><div class=\"vc-column-innner-wrapper\"><div  class=\"col-md-12 no-padding\"><div class=\"col-md-3 col-sm-2 col-xs-2 no-padding\"><i class=\"fas fa-user-tie medium-icon\" ><\/i><\/div><div class=\"col-md-9 col-sm-9 col-xs-9 no-padding text-left f-right\"><h5 class=\"hcode-featurebox-3 margin-five-bottom\">ASESOR\u00cdA<\/h5><p class=\"width-90\">Asesor\u00eda en Creditos HIPOTECARIOS con atraso<\/p>\n<\/div><\/div><\/div><\/div><div class=\"wpb_column hcode-column-container sm-margin-ten-bottom vc_col-sm-6 vc_col-md-4 vc_col-xs-12\" data-front-class=\"sm-margin-ten-bottom\"><div class=\"vc-column-innner-wrapper\"><div  class=\"col-md-12 no-padding\"><div class=\"col-md-3 col-sm-2 col-xs-2 no-padding\"><i class=\"fas fa-gavel medium-icon\" ><\/i><\/div><div class=\"col-md-9 col-sm-9 col-xs-9 no-padding text-left f-right\"><h5 class=\"hcode-featurebox-4 margin-five-bottom\">REMATES BANCARIOS<\/h5><p class=\"width-90\">Venta de Remates Bancarios<\/p>\n<\/div><\/div><\/div><\/div><div class=\"wpb_column hcode-column-container xs-margin-ten-bottom vc_col-sm-6 vc_col-md-4 vc_col-xs-12\" data-front-class=\"xs-margin-ten-bottom\"><div class=\"vc-column-innner-wrapper\"><div  class=\"col-md-12 no-padding\"><div class=\"col-md-3 col-sm-2 col-xs-2 no-padding\"><i class=\"fas fa-percent medium-icon\" ><\/i><\/div><div class=\"col-md-9 col-sm-9 col-xs-9 no-padding text-left f-right\"><h5 class=\"hcode-featurebox-5 margin-five-bottom\">ESTIMACIONES<\/h5><p class=\"width-90\">Estimaciones de valor.<\/p>\n<\/div><\/div><\/div><\/div><div class=\"wpb_column hcode-column-container vc_col-sm-6 vc_col-md-4 vc_col-xs-12\"><div class=\"vc-column-innner-wrapper\"><div  class=\"col-md-12 no-padding\"><div class=\"col-md-3 col-sm-2 col-xs-2 no-padding\"><i class=\"fas fa-tasks medium-icon\" ><\/i><\/div><div class=\"col-md-9 col-sm-9 col-xs-9 no-padding text-left f-right\"><h5 class=\"hcode-featurebox-6 margin-five-bottom\">PERITO<\/h5><p class=\"width-90\">Perito certificado<\/p>\n<\/div><\/div><\/div><\/div><\/div><\/div><\/section><section id=\"contacto\"><div class=\"container\"><div class=\"row\"><div class=\"wpb_column hcode-column-container text-center margin-ten-bottom  col-xs-mobile-fullwidth\" data-front-class=\"text-center margin-ten-bottom col-xs-mobile-fullwidth front-column-class\"><div class=\"vc-column-innner-wrapper\"><span class=\"title-number\" style = \"color: #cfcfcf;\">06<\/span><h3 class=\"section-title no-padding black-text\">CONTACTO<\/h3><\/div><\/div><div class=\"wpb_column hcode-column-container text-center xs-margin-ten-bottom vc_col-sm-4 vc_col-md-4 col-xs-mobile-fullwidth wow fadeInUp\" data-front-class=\"text-center xs-margin-ten-bottom col-xs-mobile-fullwidth\" data-wow-duration= 300ms><div class=\"vc-column-innner-wrapper\"><div  class=\"features-box-style1\"><a href=\"https:\/\/wa.me\/527774946000\"><i class=\"fab fa-whatsapp medium-icon\" style=\"color:#47b738;\"><\/i><\/a><a href=\"https:\/\/wa.me\/527774946000\"><h5 class=\"hcode-featurebox-7\">7774946000<\/h5><\/a><\/div><\/div><\/div><div class=\"wpb_column hcode-column-container text-center xs-margin-ten-bottom vc_col-sm-4 vc_col-md-4 col-xs-mobile-fullwidth wow fadeInUp\" data-front-class=\"text-center xs-margin-ten-bottom col-xs-mobile-fullwidth\" data-wow-duration= 600ms><div class=\"vc-column-innner-wrapper\"><div  class=\"features-box-style1\"><a href=\"https:\/\/www.facebook.com\/tierrabienesraices\"><i class=\"fab fa-facebook medium-icon\" style=\"color:#1a61b2;\"><\/i><\/a><a href=\"https:\/\/www.facebook.com\/tierrabienesraices\"><h5 class=\"hcode-featurebox-8\" style=\"color:#000000;\">Tierra BienesRaices<\/h5><\/a><\/div><\/div><\/div><div class=\"wpb_column hcode-column-container text-center xs-margin-three-bottom vc_col-sm-4 vc_col-md-4 col-xs-mobile-fullwidth wow fadeInUp\" data-front-class=\"text-center xs-margin-three-bottom col-xs-mobile-fullwidth\" data-wow-duration= 900ms><div class=\"vc-column-innner-wrapper\"><div  class=\"features-box-style1\"><i class=\"icon-envelope medium-icon\" ><\/i><h5 class=\"hcode-featurebox-9\">tigogtg@gmail.com<\/h5><\/div><\/div><\/div><\/div><\/div><\/section><section id=\"education\" class=\"no-padding-tb\"><div class=\"container\"><div class=\"row\"><div class=\"wpb_column hcode-column-container text-center no-margin  vc_col-md-12 col-xs-mobile-fullwidth\" data-front-class=\"text-center no-margin col-xs-mobile-fullwidth front-column-class\"><div class=\"vc-column-innner-wrapper\"><a  href=\"https:\/\/www.inmobiliariatierra.com\/\" target=\"_self\"  class=\"inner-link button btn btn-large btn-success btn-round\">SITIO WEB<\/a><\/div><\/div><\/div><\/div><\/section><section  class=\" vc_custom_1654712036794 bg-image-srcset fix-background\" style=\"background-image: url(https:\/\/tierrabr-gustavotinoco.comproyvendomexico.com\/wp-content\/uploads\/2022\/06\/tierra-bienes-raices-slider.jpg);\" data-bg-srcset=\"https:\/\/tierrabr-gustavotinoco.comproyvendomexico.com\/wp-content\/uploads\/2022\/06\/tierra-bienes-raices-slider.jpg 1920w, https:\/\/tierrabr-gustavotinoco.comproyvendomexico.com\/wp-content\/uploads\/2022\/06\/tierra-bienes-raices-slider-300x172.jpg 300w, https:\/\/tierrabr-gustavotinoco.comproyvendomexico.com\/wp-content\/uploads\/2022\/06\/tierra-bienes-raices-slider-1024x587.jpg 1024w, https:\/\/tierrabr-gustavotinoco.comproyvendomexico.com\/wp-content\/uploads\/2022\/06\/tierra-bienes-raices-slider-768x440.jpg 768w, https:\/\/tierrabr-gustavotinoco.comproyvendomexico.com\/wp-content\/uploads\/2022\/06\/tierra-bienes-raices-slider-1536x880.jpg 1536w, https:\/\/tierrabr-gustavotinoco.comproyvendomexico.com\/wp-content\/uploads\/2022\/06\/tierra-bienes-raices-slider-81x46.jpg 81w, https:\/\/tierrabr-gustavotinoco.comproyvendomexico.com\/wp-content\/uploads\/2022\/06\/tierra-bienes-raices-slider-600x344.jpg 600w\"><div class=\"selection-overlay\" style=\"opacity:0.8;background-color:#ffffff;\"><\/div><div class=\"container\"><div class=\"row\"><div class=\"wpb_column hcode-column-container vc_col-sm-12 col-xs-mobile-fullwidth\" data-front-class=\"col-xs-mobile-fullwidth\"><div class=\"vc-column-innner-wrapper\"><h2 style=\"text-align: center;\"><span style=\"color: #000000;\"><strong>FORMULARIO CONTACTO<\/strong><\/span><\/h2>\n<div role=\"form\" class=\"wpcf7\" id=\"wpcf7-f18841-o1\" lang=\"es-ES\" dir=\"ltr\">\n<div class=\"screen-reader-response\"><p role=\"status\" aria-live=\"polite\" aria-atomic=\"true\"><\/p> <ul><\/ul><\/div>\n<form action=\"\/index.php\/wp-json\/wp\/v2\/pages\/51#wpcf7-f18841-o1\" method=\"post\" class=\"wpcf7-form init\" novalidate=\"novalidate\" data-status=\"init\">\n<div style=\"display: none;\">\n<input type=\"hidden\" name=\"_wpcf7\" value=\"18841\" \/>\n<input type=\"hidden\" name=\"_wpcf7_version\" value=\"5.5.6.1\" \/>\n<input type=\"hidden\" name=\"_wpcf7_locale\" value=\"es_ES\" \/>\n<input type=\"hidden\" name=\"_wpcf7_unit_tag\" value=\"wpcf7-f18841-o1\" \/>\n<input type=\"hidden\" name=\"_wpcf7_container_post\" value=\"0\" \/>\n<input type=\"hidden\" name=\"_wpcf7_posted_data_hash\" value=\"\" \/>\n<\/div>\n<div class=\"col-md-12 col-sm-12\">\n<div class=\"wide-separator-line margin-ten no-margin-lr\"><\/div>\n<\/div>\n<div class=\"col-md-6 col-sm-12\"><span class=\"wpcf7-form-control-wrap your-name\"><input type=\"text\" name=\"your-name\" value=\"\" size=\"40\" class=\"wpcf7-form-control wpcf7-text wpcf7-validates-as-required\" aria-required=\"true\" aria-invalid=\"false\" placeholder=\"NOMBRE\" \/><\/span><span class=\"wpcf7-form-control-wrap email-852\"><input type=\"email\" name=\"email-852\" value=\"\" size=\"40\" class=\"wpcf7-form-control wpcf7-text wpcf7-email wpcf7-validates-as-required wpcf7-validates-as-email\" aria-required=\"true\" aria-invalid=\"false\" placeholder=\"EMAIL\" \/><\/span><\/div>\n<div class=\"col-md-6 col-sm-12\"><span class=\"wpcf7-form-control-wrap your-subject\"><input type=\"text\" name=\"your-subject\" value=\"\" size=\"40\" class=\"wpcf7-form-control wpcf7-text wpcf7-validates-as-required\" aria-required=\"true\" aria-invalid=\"false\" placeholder=\"ASUNTO\" \/><\/span><span class=\"wpcf7-form-control-wrap your-message\"><textarea name=\"your-message\" cols=\"40\" rows=\"2\" class=\"wpcf7-form-control wpcf7-textarea\" aria-invalid=\"false\" placeholder=\"MENSAJE\"><\/textarea><\/span><\/div>\n<div class=\"col-md-12 col-sm-12\">\n<div class=\"col-md-6 col-sm-6 no-padding-left xs-margin-three-bottom\"><span class=\"required\">*Por favor complete todos los campos correctamente<\/span><\/div>\n<div class=\"col-md-6 col-sm-6 no-padding-right text-right contact-form-right-button\"><input type=\"submit\" value=\"ENVIAR\" class=\"wpcf7-form-control has-spinner wpcf7-submit btn btn-black button pull-right xs-margin-bottom-five\" \/><\/div>\n<\/div>\n<div class=\"wpcf7-response-output\" aria-hidden=\"true\"><\/div><\/form><\/div><\/div><\/div><\/div><\/div><\/section>","protected":false},"excerpt":{"rendered":"<p>TIERRA BIENES RAICESWhatsapp: 777 494 60 0020 A\u00d1OS DE EXPERIENCIABIENES RAICES EN CUERNAVACA Y \u00c1REA CONURBADA01NosotrosSomos una inmobiliaria con m\u00e1s de 20 a\u00f1os en la comercializaci\u00f3n de Bienes Ra\u00edces en Cuernavaca y \u00e1rea conurbada. Nombre: Gustavo Tinoco G\u00f3mez Correo: tigogtg@gmail.com Celular : 777-494-60-00 Facebook: Tierra BienesRaices Ubicaci\u00f3n: Cuernavaca Morelos Sitio web: www.inmobiliariatierra.com CATALOGO PROPIEDADES02SERVICIOSEXPERIENCIA22 a\u00f1os [&hellip;]<\/p>\n","protected":false},"author":1,"featured_media":0,"parent":0,"menu_order":0,"comment_status":"open","ping_status":"open","template":"","meta":{"om_disable_all_campaigns":false,"_monsterinsights_skip_tracking":false,"_monsterinsights_sitenote_active":false,"_monsterinsights_sitenote_note":"","_monsterinsights_sitenote_category":0},"_links":{"self":[{"href":"https:\/\/tierrabr-gustavotinoco.comproyvendomexico.com\/index.php\/wp-json\/wp\/v2\/pages\/51"}],"collection":[{"href":"https:\/\/tierrabr-gustavotinoco.comproyvendomexico.com\/index.php\/wp-json\/wp\/v2\/pages"}],"about":[{"href":"https:\/\/tierrabr-gustavotinoco.comproyvendomexico.com\/index.php\/wp-json\/wp\/v2\/types\/page"}],"author":[{"embeddable":true,"href":"https:\/\/tierrabr-gustavotinoco.comproyvendomexico.com\/index.php\/wp-json\/wp\/v2\/users\/1"}],"replies":[{"embeddable":true,"href":"https:\/\/tierrabr-gustavotinoco.comproyvendomexico.com\/index.php\/wp-json\/wp\/v2\/comments?post=51"}],"version-history":[{"count":74,"href":"https:\/\/tierrabr-gustavotinoco.comproyvendomexico.com\/index.php\/wp-json\/wp\/v2\/pages\/51\/revisions"}],"predecessor-version":[{"id":19063,"href":"https:\/\/tierrabr-gustavotinoco.comproyvendomexico.com\/index.php\/wp-json\/wp\/v2\/pages\/51\/revisions\/19063"}],"wp:attachment":[{"href":"https:\/\/tierrabr-gustavotinoco.comproyvendomexico.com\/index.php\/wp-json\/wp\/v2\/media?parent=51"}],"curies":[{"name":"wp","href":"https:\/\/api.w.org\/{rel}","templated":true}]}}